{"id":118950,"date":"2023-09-13T10:04:41","date_gmt":"2023-09-13T10:04:41","guid":{"rendered":"https:\/\/uclg-digitalcities.org\/es\/?post_type=practica&#038;p=118950"},"modified":"2023-09-13T10:04:41","modified_gmt":"2023-09-13T10:04:41","slug":"iniciativa-viena-ciudad-digital","status":"publish","type":"practica","link":"https:\/\/uclg-digitalcities.org\/es\/practica\/iniciativa-viena-ciudad-digital\/","title":{"rendered":"Iniciativa Viena Ciudad Digital"},"content":{"rendered":"<p><strong>DigitalCity.Wien es una iniciativa conjunta de la ciudad de Viena, el sector vien\u00e9s de las TIC, representantes de la investigaci\u00f3n y la ciencia y la sociedad civil con el objetivo de convertir Viena en una capital digital.<\/strong><\/p>\n<h2>OBJETIVO<\/h2>\n<p>DigitalCity.Wien es una iniciativa conjunta de la ciudad de Viena, el sector vien\u00e9s de las TIC, representantes de la investigaci\u00f3n y la ciencia y la sociedad civil con el objetivo de convertir Viena en una capital digital, centr\u00e1ndose en los siguientes objetivos espec\u00edficos: a) Hacer visibles las soluciones digitales de Viena a nivel local, nacional e internacional, b) Establecer redes entre los actores de la localizaci\u00f3n digital de Viena y, en particular, con la ciudad de Viena y su administraci\u00f3n municipal, c) Debatir los avances y tendencias de la digitalizaci\u00f3n para garantizar un desarrollo orientado al futuro en Viena, d) Implementar soluciones digitales a trav\u00e9s de proyectos cooperativos innovadores in situ, y e) Aumentar las competencias digitales de todos los stakeholders en Viena: ciudadanos, escolares, administraci\u00f3n, ciencia y empresas.<\/p>\n<h2>DESCRIPCI\u00d3N DE LAS ACTUACIONES DESARROLLADAS<\/h2>\n<p>Creaci\u00f3n de una plataforma com\u00fan, compuesto por formatos recurrentes de eventos y redes comunitarias (d\u00edas digitales, etc.), diversas iniciativas para una Viena Digital como \u201cShe Digital\u201d (promoci\u00f3n de las carreras digitales y la educaci\u00f3n de ni\u00f1as y mujeres), y grupos de trabajo en cada uno de los temas centrales de la comunidad con el objetivo de generar ideas, lanzar e iniciar proyectos e iniciativas.<\/p>\n<h2>FACTORES CLAVE DE \u00c9XITO<\/h2>\n<p>La iniciativa DigitalCity.Wien es independiente y abierta, y ofrece una plataforma neutral para que los socios de la ciudad y la industria se re\u00fanan, debatan ideas y emprendan acciones conjuntas.<\/p>\n<h2>PRINCIPALES RESULTADOS OBTENIDOS<\/h2>\n<p>La iniciativa DigitalCity.Wien se puso en marcha en 2013 a partir de una necesidad com\u00fan: la escasez de competencias en digitalizaci\u00f3n. Desde entonces, el sector vien\u00e9s de las TIC y la ciudad de Viena se han unido para trabajar juntos y hacer frente a los problemas de la digitalizaci\u00f3n urbana. De este modo, la comunidad se ha ido ampliando y se han establecido nuevos temas, formatos y m\u00e9todos de trabajo. Asimismo, se ha aumentado la visibilidad de las soluciones digitales gracias a los formatos de eventos, la conexi\u00f3n de diferentes actores de la localizaci\u00f3n digital de Viena, la aplicaci\u00f3n de soluciones y las competencias digitales de los vieneses.<\/p>\n<p><img decoding=\"async\" class=\"alignnone wp-image-118791 size-medium\" src=\"https:\/\/uclg-digitalcities.org\/wp-content\/uploads\/2023\/09\/S-WEB-Goal-09-300x300.png\" alt=\"\" width=\"300\" height=\"300\" srcset=\"https:\/\/uclg-digitalcities.org\/wp-content\/uploads\/2023\/09\/S-WEB-Goal-09-300x300.png 300w, https:\/\/uclg-digitalcities.org\/wp-content\/uploads\/2023\/09\/S-WEB-Goal-09-1024x1024.png 1024w, https:\/\/uclg-digitalcities.org\/wp-content\/uploads\/2023\/09\/S-WEB-Goal-09-150x150.png 150w, https:\/\/uclg-digitalcities.org\/wp-content\/uploads\/2023\/09\/S-WEB-Goal-09-768x768.png 768w, https:\/\/uclg-digitalcities.org\/wp-content\/uploads\/2023\/09\/S-WEB-Goal-09-600x600.png 600w, https:\/\/uclg-digitalcities.org\/wp-content\/uploads\/2023\/09\/S-WEB-Goal-09-100x100.png 100w, https:\/\/uclg-digitalcities.org\/wp-content\/uploads\/2023\/09\/S-WEB-Goal-09-350x350.png 350w, https:\/\/uclg-digitalcities.org\/wp-content\/uploads\/2023\/09\/S-WEB-Goal-09-348x348.png 348w, https:\/\/uclg-digitalcities.org\/wp-content\/uploads\/2023\/09\/S-WEB-Goal-09-1320x1320.png 1320w, https:\/\/uclg-digitalcities.org\/wp-content\/uploads\/2023\/09\/S-WEB-Goal-09-45x45.png 45w, https:\/\/uclg-digitalcities.org\/wp-content\/uploads\/2023\/09\/S-WEB-Goal-09.png 1500w\" sizes=\"(max-width: 300px) 100vw, 300px\" \/><\/p>\n","protected":false},"excerpt":{"rendered":"<p>Viena<\/p>\n","protected":false},"featured_media":118951,"template":"","area":[162],"class_list":["post-118950","practica","type-practica","status-publish","has-post-thumbnail","hentry","area-economia-inteligente"],"_links":{"self":[{"href":"https:\/\/uclg-digitalcities.org\/es\/wp-json\/wp\/v2\/practica\/118950","targetHints":{"allow":["GET"]}}],"collection":[{"href":"https:\/\/uclg-digitalcities.org\/es\/wp-json\/wp\/v2\/practica"}],"about":[{"href":"https:\/\/uclg-digitalcities.org\/es\/wp-json\/wp\/v2\/types\/practica"}],"wp:featuredmedia":[{"embeddable":true,"href":"https:\/\/uclg-digitalcities.org\/es\/wp-json\/wp\/v2\/media\/118951"}],"wp:attachment":[{"href":"https:\/\/uclg-digitalcities.org\/es\/wp-json\/wp\/v2\/media?parent=118950"}],"wp:term":[{"taxonomy":"area","embeddable":true,"href":"https:\/\/uclg-digitalcities.org\/es\/wp-json\/wp\/v2\/area?post=118950"}],"curies":[{"name":"wp","href":"https:\/\/api.w.org\/{rel}","templated":true}]}}

<p><strong>DigitalCity.Wien es una iniciativa conjunta de la ciudad de Viena, el sector vienés de las TIC, representantes de la investigación y la ciencia y la sociedad civil con el objetivo de convertir Viena en una capital digital.</strong></p>
<h2>OBJETIVO</h2>
<p>DigitalCity.Wien es una iniciativa conjunta de la ciudad de Viena, el sector vienés de las TIC, representantes de la investigación y la ciencia y la sociedad civil con el objetivo de convertir Viena en una capital digital, centrándose en los siguientes objetivos específicos: a) Hacer visibles las soluciones digitales de Viena a nivel local, nacional e internacional, b) Establecer redes entre los actores de la localización digital de Viena y, en particular, con la ciudad de Viena y su administración municipal, c) Debatir los avances y tendencias de la digitalización para garantizar un desarrollo orientado al futuro en Viena, d) Implementar soluciones digitales a través de proyectos cooperativos innovadores in situ, y e) Aumentar las competencias digitales de todos los stakeholders en Viena: ciudadanos, escolares, administración, ciencia y empresas.</p>
<h2>DESCRIPCIÓN DE LAS ACTUACIONES DESARROLLADAS</h2>
<p>Creación de una plataforma común, compuesto por formatos recurrentes de eventos y redes comunitarias (días digitales, etc.), diversas iniciativas para una Viena Digital como “She Digital” (promoción de las carreras digitales y la educación de niñas y mujeres), y grupos de trabajo en cada uno de los temas centrales de la comunidad con el objetivo de generar ideas, lanzar e iniciar proyectos e iniciativas.</p>
<h2>FACTORES CLAVE DE ÉXITO</h2>
<p>La iniciativa DigitalCity.Wien es independiente y abierta, y ofrece una plataforma neutral para que los socios de la ciudad y la industria se reúnan, debatan ideas y emprendan acciones conjuntas.</p>
<h2>PRINCIPALES RESULTADOS OBTENIDOS</h2>
<p>La iniciativa DigitalCity.Wien se puso en marcha en 2013 a partir de una necesidad común: la escasez de competencias en digitalización. Desde entonces, el sector vienés de las TIC y la ciudad de Viena se han unido para trabajar juntos y hacer frente a los problemas de la digitalización urbana. De este modo, la comunidad se ha ido ampliando y se han establecido nuevos temas, formatos y métodos de trabajo. Asimismo, se ha aumentado la visibilidad de las soluciones digitales gracias a los formatos de eventos, la conexión de diferentes actores de la localización digital de Viena, la aplicación de soluciones y las competencias digitales de los vieneses.</p>
<p><img decoding="async" class="alignnone wp-image-118791 size-medium" src="https://uclg-digitalcities.org/wp-content/uploads/2023/09/S-WEB-Goal-09-300x300.png" alt="" width="300" height="300" srcset="https://uclg-digitalcities.org/wp-content/uploads/2023/09/S-WEB-Goal-09-300x300.png 300w, https://uclg-digitalcities.org/wp-content/uploads/2023/09/S-WEB-Goal-09-1024x1024.png 1024w, https://uclg-digitalcities.org/wp-content/uploads/2023/09/S-WEB-Goal-09-150x150.png 150w, https://uclg-digitalcities.org/wp-content/uploads/2023/09/S-WEB-Goal-09-768x768.png 768w, https://uclg-digitalcities.org/wp-content/uploads/2023/09/S-WEB-Goal-09-600x600.png 600w, https://uclg-digitalcities.org/wp-content/uploads/2023/09/S-WEB-Goal-09-100x100.png 100w, https://uclg-digitalcities.org/wp-content/uploads/2023/09/S-WEB-Goal-09-350x350.png 350w, https://uclg-digitalcities.org/wp-content/uploads/2023/09/S-WEB-Goal-09-348x348.png 348w, https://uclg-digitalcities.org/wp-content/uploads/2023/09/S-WEB-Goal-09-1320x1320.png 1320w, https://uclg-digitalcities.org/wp-content/uploads/2023/09/S-WEB-Goal-09-45x45.png 45w, https://uclg-digitalcities.org/wp-content/uploads/2023/09/S-WEB-Goal-09.png 1500w" sizes="(max-width: 300px) 100vw, 300px" /></p>
